{"id":46,"date":"2020-07-01T10:14:57","date_gmt":"2020-07-01T15:14:57","guid":{"rendered":"https:\/\/universidad.ucentral.edu.co\/sitio-wordpress\/?page_id=46"},"modified":"2021-03-17T15:42:41","modified_gmt":"2021-03-17T20:42:41","slug":"inicio","status":"publish","type":"page","link":"https:\/\/universidad.ucentral.edu.co\/sitio-wordpress\/","title":{"rendered":"Sitios de la Universidad Central"},"content":{"rendered":"\n<div class=\"wp-block-group alignfull banner-principal\"><div class=\"wp-block-group__inner-container is-layout-flow\">\n<figure class=\"wp-block-image alignfull size-large\"><img decoding=\"async\" loading=\"lazy\" width=\"1024\" height=\"320\" src=\"https:\/\/universidad.ucentral.edu.co\/sitio-wordpress\/wp-content\/uploads\/2020\/06\/Edificio_nuevo_2019-wordpress-1024x320.jpg\" alt=\"Universidad Central\" class=\"wp-image-24\" srcset=\"https:\/\/universidad.ucentral.edu.co\/sitio-wordpress\/wp-content\/uploads\/2020\/06\/Edificio_nuevo_2019-wordpress-1024x320.jpg 1024w, https:\/\/universidad.ucentral.edu.co\/sitio-wordpress\/wp-content\/uploads\/2020\/06\/Edificio_nuevo_2019-wordpress-300x94.jpg 300w, https:\/\/universidad.ucentral.edu.co\/sitio-wordpress\/wp-content\/uploads\/2020\/06\/Edificio_nuevo_2019-wordpress-768x240.jpg 768w, https:\/\/universidad.ucentral.edu.co\/sitio-wordpress\/wp-content\/uploads\/2020\/06\/Edificio_nuevo_2019-wordpress-1536x480.jpg 1536w, https:\/\/universidad.ucentral.edu.co\/sitio-wordpress\/wp-content\/uploads\/2020\/06\/Edificio_nuevo_2019-wordpress.jpg 1600w\" sizes=\"(max-width: 1024px) 100vw, 1024px\" \/><\/figure>\n<\/div><\/div>\n\n\n\n<div class=\"wp-block-group\"><div class=\"wp-block-group__inner-container is-layout-flow\">\n<p>Bienvenido al portal de sitios de la Universidad Central, aqu\u00ed podr\u00e1 encontrar &#8230;&#8230;<\/p>\n\n\n\n<ul><li><a href=\"https:\/\/universidad.ucentral.edu.co\/tulengua\/\">Tu Lengua<\/a><\/li>\n<li><a href=\"https:\/\/universidad.ucentral.edu.co\/innovacion-pedagogica\/\">Innovaci\u00f3n pedag\u00f3gica<\/a><\/li>\n<li><a href=\"https:\/\/publicidaddigital.ucentral.edu.co\/\">Publicidad digital<\/a><\/li><\/ul>\n<\/div><\/div>\n","protected":false},"excerpt":{"rendered":"<p>Bienvenido al portal de sitios de la Universidad Central, aqu\u00ed podr\u00e1 encontrar &#8230;&#8230; Tu Lengua Innovaci\u00f3n pedag\u00f3gica Publicidad digital<\/p>\n","protected":false},"author":1,"featured_media":0,"parent":0,"menu_order":0,"comment_status":"closed","ping_status":"closed","template":"","meta":[],"yoast_head":"<!-- This site is optimized with the Yoast SEO plugin v20.10 - https:\/\/yoast.com\/wordpress\/plugins\/seo\/ -->\n<title>Sitios de la Universidad Central - Universidad Central<\/title>\n<meta name=\"robots\" content=\"noindex, follow, max-snippet:-1, max-image-preview:large, max-video-preview:-1\" \/>\n<meta property=\"og:locale\" content=\"es_ES\" \/>\n<meta property=\"og:type\" content=\"article\" \/>\n<meta property=\"og:title\" content=\"Sitios de la Universidad Central - Universidad Central\" \/>\n<meta property=\"og:description\" content=\"Bienvenido al portal de sitios de la Universidad Central, aqu\u00ed podr\u00e1 encontrar &#8230;&#8230; Tu Lengua Innovaci\u00f3n pedag\u00f3gica Publicidad digital\" \/>\n<meta property=\"og:url\" content=\"https:\/\/universidad.ucentral.edu.co\/sitio-wordpress\/\" \/>\n<meta property=\"og:site_name\" content=\"Universidad Central\" \/>\n<meta property=\"article:modified_time\" content=\"2021-03-17T20:42:41+00:00\" \/>\n<meta property=\"og:image\" content=\"https:\/\/universidad.ucentral.edu.co\/sitio-wordpress\/wp-content\/uploads\/2020\/06\/Edificio_nuevo_2019-wordpress-1024x320.jpg\" \/>\n<meta name=\"twitter:card\" content=\"summary_large_image\" \/>\n<script type=\"application\/ld+json\" class=\"yoast-schema-graph\">{\"@context\":\"https:\/\/schema.org\",\"@graph\":[{\"@type\":\"WebPage\",\"@id\":\"https:\/\/universidad.ucentral.edu.co\/sitio-wordpress\/\",\"url\":\"https:\/\/universidad.ucentral.edu.co\/sitio-wordpress\/\",\"name\":\"Sitios de la Universidad Central - Universidad Central\",\"isPartOf\":{\"@id\":\"https:\/\/universidad.ucentral.edu.co\/sitio-wordpress\/#website\"},\"datePublished\":\"2020-07-01T15:14:57+00:00\",\"dateModified\":\"2021-03-17T20:42:41+00:00\",\"breadcrumb\":{\"@id\":\"https:\/\/universidad.ucentral.edu.co\/sitio-wordpress\/#breadcrumb\"},\"inLanguage\":\"es-CO\",\"potentialAction\":[{\"@type\":\"ReadAction\",\"target\":[\"https:\/\/universidad.ucentral.edu.co\/sitio-wordpress\/\"]}]},{\"@type\":\"BreadcrumbList\",\"@id\":\"https:\/\/universidad.ucentral.edu.co\/sitio-wordpress\/#breadcrumb\",\"itemListElement\":[{\"@type\":\"ListItem\",\"position\":1,\"name\":\"Home\",\"item\":\"https:\/\/universidad.ucentral.edu.co\/sitio-wordpress\/\"},{\"@type\":\"ListItem\",\"position\":2,\"name\":\"Sitios de la Universidad Central\"}]},{\"@type\":\"WebSite\",\"@id\":\"https:\/\/universidad.ucentral.edu.co\/sitio-wordpress\/#website\",\"url\":\"https:\/\/universidad.ucentral.edu.co\/sitio-wordpress\/\",\"name\":\"Universidad Central\",\"description\":\"blog\",\"publisher\":{\"@id\":\"https:\/\/universidad.ucentral.edu.co\/sitio-wordpress\/#organization\"},\"potentialAction\":[{\"@type\":\"SearchAction\",\"target\":{\"@type\":\"EntryPoint\",\"urlTemplate\":\"https:\/\/universidad.ucentral.edu.co\/sitio-wordpress\/?s={search_term_string}\"},\"query-input\":\"required name=search_term_string\"}],\"inLanguage\":\"es-CO\"},{\"@type\":\"Organization\",\"@id\":\"https:\/\/universidad.ucentral.edu.co\/sitio-wordpress\/#organization\",\"name\":\"Universidad Central\",\"url\":\"https:\/\/universidad.ucentral.edu.co\/sitio-wordpress\/\",\"logo\":{\"@type\":\"ImageObject\",\"inLanguage\":\"es-CO\",\"@id\":\"https:\/\/universidad.ucentral.edu.co\/sitio-wordpress\/#\/schema\/logo\/image\/\",\"url\":\"https:\/\/universidad.ucentral.edu.co\/sitio-wordpress\/wp-content\/uploads\/2020\/06\/cropped-logosimbolo-ucentral-vigilada_4-2.png\",\"contentUrl\":\"https:\/\/universidad.ucentral.edu.co\/sitio-wordpress\/wp-content\/uploads\/2020\/06\/cropped-logosimbolo-ucentral-vigilada_4-2.png\",\"width\":710,\"height\":208,\"caption\":\"Universidad Central\"},\"image\":{\"@id\":\"https:\/\/universidad.ucentral.edu.co\/sitio-wordpress\/#\/schema\/logo\/image\/\"}}]}<\/script>\n<!-- \/ Yoast SEO plugin. -->","yoast_head_json":{"title":"Sitios de la Universidad Central - Universidad Central","robots":{"index":"noindex","follow":"follow","max-snippet":"max-snippet:-1","max-image-preview":"max-image-preview:large","max-video-preview":"max-video-preview:-1"},"og_locale":"es_ES","og_type":"article","og_title":"Sitios de la Universidad Central - Universidad Central","og_description":"Bienvenido al portal de sitios de la Universidad Central, aqu\u00ed podr\u00e1 encontrar &#8230;&#8230; Tu Lengua Innovaci\u00f3n pedag\u00f3gica Publicidad digital","og_url":"https:\/\/universidad.ucentral.edu.co\/sitio-wordpress\/","og_site_name":"Universidad Central","article_modified_time":"2021-03-17T20:42:41+00:00","og_image":[{"url":"https:\/\/universidad.ucentral.edu.co\/sitio-wordpress\/wp-content\/uploads\/2020\/06\/Edificio_nuevo_2019-wordpress-1024x320.jpg"}],"twitter_card":"summary_large_image","schema":{"@context":"https:\/\/schema.org","@graph":[{"@type":"WebPage","@id":"https:\/\/universidad.ucentral.edu.co\/sitio-wordpress\/","url":"https:\/\/universidad.ucentral.edu.co\/sitio-wordpress\/","name":"Sitios de la Universidad Central - Universidad Central","isPartOf":{"@id":"https:\/\/universidad.ucentral.edu.co\/sitio-wordpress\/#website"},"datePublished":"2020-07-01T15:14:57+00:00","dateModified":"2021-03-17T20:42:41+00:00","breadcrumb":{"@id":"https:\/\/universidad.ucentral.edu.co\/sitio-wordpress\/#breadcrumb"},"inLanguage":"es-CO","potentialAction":[{"@type":"ReadAction","target":["https:\/\/universidad.ucentral.edu.co\/sitio-wordpress\/"]}]},{"@type":"BreadcrumbList","@id":"https:\/\/universidad.ucentral.edu.co\/sitio-wordpress\/#breadcrumb","itemListElement":[{"@type":"ListItem","position":1,"name":"Home","item":"https:\/\/universidad.ucentral.edu.co\/sitio-wordpress\/"},{"@type":"ListItem","position":2,"name":"Sitios de la Universidad Central"}]},{"@type":"WebSite","@id":"https:\/\/universidad.ucentral.edu.co\/sitio-wordpress\/#website","url":"https:\/\/universidad.ucentral.edu.co\/sitio-wordpress\/","name":"Universidad Central","description":"blog","publisher":{"@id":"https:\/\/universidad.ucentral.edu.co\/sitio-wordpress\/#organization"},"potentialAction":[{"@type":"SearchAction","target":{"@type":"EntryPoint","urlTemplate":"https:\/\/universidad.ucentral.edu.co\/sitio-wordpress\/?s={search_term_string}"},"query-input":"required name=search_term_string"}],"inLanguage":"es-CO"},{"@type":"Organization","@id":"https:\/\/universidad.ucentral.edu.co\/sitio-wordpress\/#organization","name":"Universidad Central","url":"https:\/\/universidad.ucentral.edu.co\/sitio-wordpress\/","logo":{"@type":"ImageObject","inLanguage":"es-CO","@id":"https:\/\/universidad.ucentral.edu.co\/sitio-wordpress\/#\/schema\/logo\/image\/","url":"https:\/\/universidad.ucentral.edu.co\/sitio-wordpress\/wp-content\/uploads\/2020\/06\/cropped-logosimbolo-ucentral-vigilada_4-2.png","contentUrl":"https:\/\/universidad.ucentral.edu.co\/sitio-wordpress\/wp-content\/uploads\/2020\/06\/cropped-logosimbolo-ucentral-vigilada_4-2.png","width":710,"height":208,"caption":"Universidad Central"},"image":{"@id":"https:\/\/universidad.ucentral.edu.co\/sitio-wordpress\/#\/schema\/logo\/image\/"}}]}},"_links":{"self":[{"href":"https:\/\/universidad.ucentral.edu.co\/sitio-wordpress\/wp-json\/wp\/v2\/pages\/46"}],"collection":[{"href":"https:\/\/universidad.ucentral.edu.co\/sitio-wordpress\/wp-json\/wp\/v2\/pages"}],"about":[{"href":"https:\/\/universidad.ucentral.edu.co\/sitio-wordpress\/wp-json\/wp\/v2\/types\/page"}],"author":[{"embeddable":true,"href":"https:\/\/universidad.ucentral.edu.co\/sitio-wordpress\/wp-json\/wp\/v2\/users\/1"}],"replies":[{"embeddable":true,"href":"https:\/\/universidad.ucentral.edu.co\/sitio-wordpress\/wp-json\/wp\/v2\/comments?post=46"}],"version-history":[{"count":16,"href":"https:\/\/universidad.ucentral.edu.co\/sitio-wordpress\/wp-json\/wp\/v2\/pages\/46\/revisions"}],"predecessor-version":[{"id":135,"href":"https:\/\/universidad.ucentral.edu.co\/sitio-wordpress\/wp-json\/wp\/v2\/pages\/46\/revisions\/135"}],"wp:attachment":[{"href":"https:\/\/universidad.ucentral.edu.co\/sitio-wordpress\/wp-json\/wp\/v2\/media?parent=46"}],"curies":[{"name":"wp","href":"https:\/\/api.w.org\/{rel}","templated":true}]}}